{"id":10,"date":"2019-03-27T12:51:47","date_gmt":"2019-03-27T12:51:47","guid":{"rendered":"http:\/\/kameraverleih-braunschweig.de\/?page_id=10"},"modified":"2023-04-20T20:13:03","modified_gmt":"2023-04-20T20:13:03","slug":"impressum","status":"publish","type":"page","link":"https:\/\/kameraverleih-braunschweig.de\/?page_id=10","title":{"rendered":"Impressum"},"content":{"rendered":"\n<p>Bodo Kern Kernmedia Medienproduktion<br>Hauptstrasse 8<br>38531 R\u00f6tgesb\u00fcttel<\/p>\n\n\n\n<p><strong>Vertreten durch:&nbsp;<\/strong><br>Bodo Kern<\/p>\n\n\n\n<p><strong>Kontakt:<\/strong><br>Telefon: 0160 1773657<br>E-Mail:\u00a0<a href=\"mailto:kontakt@kernmedia.de\">kontakt@kernmedia.de<\/a><\/p>\n\n\n\n<p><strong>Umsatzsteuer-ID:&nbsp;<\/strong><br>Umsatzsteuer-Identifikationsnummer gem\u00e4\u00df \u00a727a Umsatzsteuergesetz: DE 812662263<\/p>\n\n\n\n<p><strong>Wirtschafts-ID:&nbsp;<\/strong><\/p>\n\n\n\n<p><strong>Verantwortlich f\u00fcr den Inhalt nach \u00a7 55 Abs. 2 RStV:<\/strong><br>Bodo Kern<br>Hauptstrasse 8<br>38531 R\u00f6tgesb\u00fcttel<\/p>\n\n\n\n<p>Plattform der Europ\u00e4ischen Kommission zur Online-Streitbeilegung (OS) f\u00fcr Verbraucher:&nbsp;<a target=\"_blank\" rel=\"noreferrer noopener\">https:\/\/ec.europa.eu\/consumers\/odr\/<\/a>. Wir sind nicht bereit und nicht verpflichtet an einem Streitbeilegungsverfahren vor einer Verbraucherschlichtungsstelle teilzunehmen.<br><\/p>\n","protected":false},"excerpt":{"rendered":"<p>Bodo Kern Kernmedia MedienproduktionHauptstrasse 838531 R\u00f6tgesb\u00fcttel Vertreten durch:&nbsp;Bodo Kern Kontakt:Telefon: 0160 1773657E-Mail:\u00a0kontakt@kernmedia.de Umsatzsteuer-ID:&nbsp;Umsatzsteuer-Identifikationsnummer gem\u00e4\u00df \u00a727a Umsatzsteuergesetz: DE 812662263 Wirtschafts-ID:&nbsp; Verantwortlich f\u00fcr den Inhalt nach \u00a7 55 Abs. 2 RStV:Bodo KernHauptstrasse 838531 R\u00f6tgesb\u00fcttel Plattform der Europ\u00e4ischen Kommission zur Online-Streitbeilegung (OS) f\u00fcr Verbraucher:&nbsp;https:\/\/ec.europa.eu\/consumers\/odr\/. Wir sind nicht bereit und nicht verpflichtet an einem Streitbeilegungsverfahren vor einer Verbraucherschlichtungsstelle teilzunehmen.<\/p>\n","protected":false},"author":1,"featured_media":0,"parent":0,"menu_order":0,"comment_status":"closed","ping_status":"closed","template":"","meta":{"spay_email":""},"jetpack_sharing_enabled":true,"jetpack_shortlink":"https:\/\/wp.me\/PaQv3f-a","_links":{"self":[{"href":"https:\/\/kameraverleih-braunschweig.de\/index.php?rest_route=\/wp\/v2\/pages\/10"}],"collection":[{"href":"https:\/\/kameraverleih-braunschweig.de\/index.php?rest_route=\/wp\/v2\/pages"}],"about":[{"href":"https:\/\/kameraverleih-braunschweig.de\/index.php?rest_route=\/wp\/v2\/types\/page"}],"author":[{"embeddable":true,"href":"https:\/\/kameraverleih-braunschweig.de\/index.php?rest_route=\/wp\/v2\/users\/1"}],"replies":[{"embeddable":true,"href":"https:\/\/kameraverleih-braunschweig.de\/index.php?rest_route=%2Fwp%2Fv2%2Fcomments&post=10"}],"version-history":[{"count":3,"href":"https:\/\/kameraverleih-braunschweig.de\/index.php?rest_route=\/wp\/v2\/pages\/10\/revisions"}],"predecessor-version":[{"id":243,"href":"https:\/\/kameraverleih-braunschweig.de\/index.php?rest_route=\/wp\/v2\/pages\/10\/revisions\/243"}],"wp:attachment":[{"href":"https:\/\/kameraverleih-braunschweig.de\/index.php?rest_route=%2Fwp%2Fv2%2Fmedia&parent=10"}],"curies":[{"name":"wp","href":"https:\/\/api.w.org\/{rel}","templated":true}]}}

<p>Bodo Kern Kernmedia Medienproduktion<br>Hauptstrasse 8<br>38531 Rötgesbüttel</p>



<p><strong>Vertreten durch:&nbsp;</strong><br>Bodo Kern</p>



<p><strong>Kontakt:</strong><br>Telefon: 0160 1773657<br>E-Mail: <a href="mailto:kontakt@kernmedia.de">kontakt@kernmedia.de</a></p>



<p><strong>Umsatzsteuer-ID:&nbsp;</strong><br>Umsatzsteuer-Identifikationsnummer gemäß §27a Umsatzsteuergesetz: DE 812662263</p>



<p><strong>Wirtschafts-ID:&nbsp;</strong></p>



<p><strong>Verantwortlich für den Inhalt nach § 55 Abs. 2 RStV:</strong><br>Bodo Kern<br>Hauptstrasse 8<br>38531 Rötgesbüttel</p>



<p>Plattform der Europäischen Kommission zur Online-Streitbeilegung (OS) für Verbraucher:&nbsp;<a target="_blank" rel="noreferrer noopener">https://ec.europa.eu/consumers/odr/</a>. Wir sind nicht bereit und nicht verpflichtet an einem Streitbeilegungsverfahren vor einer Verbraucherschlichtungsstelle teilzunehmen.<br></p>

<p>Bodo Kern Kernmedia MedienproduktionHauptstrasse 838531 Rötgesbüttel Vertreten durch:&nbsp;Bodo Kern Kontakt:Telefon: 0160 1773657E-Mail: kontakt@kernmedia.de Umsatzsteuer-ID:&nbsp;Umsatzsteuer-Identifikationsnummer gemäß §27a Umsatzsteuergesetz: DE 812662263 Wirtschafts-ID:&nbsp; Verantwortlich für den Inhalt nach § 55 Abs. 2 RStV:Bodo KernHauptstrasse 838531 Rötgesbüttel Plattform der Europäischen Kommission zur Online-Streitbeilegung (OS) für Verbraucher:&nbsp;https://ec.europa.eu/consumers/odr/. Wir sind nicht bereit und nicht verpflichtet an einem Streitbeilegungsverfahren vor einer Verbraucherschlichtungsstelle teilzunehmen.</p>
