{"id":74,"date":"2019-03-27T13:44:58","date_gmt":"2019-03-27T13:44:58","guid":{"rendered":"http:\/\/kameraverleih-braunschweig.de\/?post_type=product&#038;p=74"},"modified":"2019-03-27T19:01:52","modified_gmt":"2019-03-27T19:01:52","slug":"blackmagic-design-production-camera-4k","status":"publish","type":"product","link":"https:\/\/kameraverleih-braunschweig.de\/?product=blackmagic-design-production-camera-4k","title":{"rendered":"Blackmagic Design Production Camera 4K"},"content":{"rendered":"<p>Blackmagic Production Camera 4k im Verleih.<\/p>\n<p>Kino-Qualit\u00e4t<\/p>\n<p>Die Blackmagic Production Camera 4K bietet unglaubliche Qualit\u00e4t in einem unglaublichem kleinem Format. EF-Bajonett f\u00fcr austauschbare Optik, hochaufl\u00f6senden 4K-Sensor im Super-35 Format, Global Shutter, visuell verlustfreies komprimiertes RAW-Format und ProRes-422-(HQ)-Dateiformat, integrierte, unkomprimierte Tonaufzeichnung.<\/p>\n<div><\/div>\n<div>\n<p>Aufnahme auf auswechselbare SSD<\/p>\n<\/div>\n<p>Lieferumfang:<\/p>\n<p>BMPC 4K, EF-Mount, Ladeger\u00e4t, Koffer, Cage<\/p>\n","protected":false},"excerpt":{"rendered":"<p>Blackmagic Production Camera 4k im Verleih. Kino-Qualit\u00e4t Die Blackmagic Production Camera 4K bietet unglaubliche Qualit\u00e4t in einem unglaublichem kleinem Format. EF-Bajonett f\u00fcr austauschbare Optik, hochaufl\u00f6senden 4K-Sensor im Super-35 Format, Global Shutter, visuell verlustfreies komprimiertes RAW-Format und ProRes-422-(HQ)-Dateiformat, integrierte, unkomprimierte Tonaufzeichnung. Aufnahme auf auswechselbare SSD Lieferumfang: BMPC 4K, EF-Mount, Ladeger\u00e4t, Koffer, Cage<\/p>\n","protected":false},"featured_media":85,"comment_status":"open","ping_status":"closed","template":"","meta":{"spay_email":"","jetpack_publicize_message":"","jetpack_is_tweetstorm":false,"jetpack_publicize_feature_enabled":true},"product_cat":[32],"product_tag":[],"jetpack_publicize_connections":[],"jetpack_sharing_enabled":true,"_links":{"self":[{"href":"https:\/\/kameraverleih-braunschweig.de\/index.php?rest_route=\/wp\/v2\/product\/74"}],"collection":[{"href":"https:\/\/kameraverleih-braunschweig.de\/index.php?rest_route=\/wp\/v2\/product"}],"about":[{"href":"https:\/\/kameraverleih-braunschweig.de\/index.php?rest_route=\/wp\/v2\/types\/product"}],"replies":[{"embeddable":true,"href":"https:\/\/kameraverleih-braunschweig.de\/index.php?rest_route=%2Fwp%2Fv2%2Fcomments&post=74"}],"wp:featuredmedia":[{"embeddable":true,"href":"https:\/\/kameraverleih-braunschweig.de\/index.php?rest_route=\/wp\/v2\/media\/85"}],"wp:attachment":[{"href":"https:\/\/kameraverleih-braunschweig.de\/index.php?rest_route=%2Fwp%2Fv2%2Fmedia&parent=74"}],"wp:term":[{"taxonomy":"product_cat","embeddable":true,"href":"https:\/\/kameraverleih-braunschweig.de\/index.php?rest_route=%2Fwp%2Fv2%2Fproduct_cat&post=74"},{"taxonomy":"product_tag","embeddable":true,"href":"https:\/\/kameraverleih-braunschweig.de\/index.php?rest_route=%2Fwp%2Fv2%2Fproduct_tag&post=74"}],"curies":[{"name":"wp","href":"https:\/\/api.w.org\/{rel}","templated":true}]}}